364080.
656
Calculate the highest common factor of 21912 and 658416.
264
What is the highest common divisor of 36 and 30033456?
12
What is the greatest common divisor of 2412 and 105113084?
268
Calculate the greatest common factor of 252164 and 3388.
484
What is the highest common divisor of 90386100 and 12?
12
Calculate the highest common divisor of 22324050 and 1865.
1865
What is the highest common divisor of 24271 and 110006?
13
What is the greatest common factor of 43285083 and 93?
93
What is the greatest common factor of 3085616 and 40?
8
Calculate the highest common factor of 2688 and 3791328.
96
Calculate the highest common factor of 2501 and 7726327.
41
Calculate the greatest common divisor of 154934 and 175942.
2626
What is the greatest common factor of 346344009 and 1122?
561
Calculate the highest common factor of 76152076 and 924.
308
Calculate the greatest common factor of 199529 and 76109.
2057
Calculate the greatest common factor of 31080434 and 308.
154
What is the greatest common factor of 48928 and 8704736?
4448
What is the highest common divisor of 4379200 and 814912?
7616
Calculate the greatest common factor of 18905972 and 2.
2
Calculate the highest common divisor of 1835825 and 325.
25
What is the highest common divisor of 129 and 6376943?
43
What is the highest common divisor of 691025607 and 1431?
1431
What is the greatest common factor of 67494 and 39297578?
3214
Calculate the greatest common divisor of 35524 and 861465881.
8881
Calculate the greatest common factor of 1093 and 1444.
1
What is the highest common divisor of 21381792 and 9798?
426
What is the greatest common factor of 359820 and 30180?
60
What is the greatest common factor of 1793 and 2897488?
1793
Calculate the highest common divisor of 271797900 and 1200.
300
What is the greatest common factor of 26 and 16998202?
26
Calculate the highest common divisor of 714 and 3582726.
42
What is the highest common factor of 50 and 51623840?
10
Calculate the greatest common divisor of 83 and 9945641.
83
What is the highest common divisor of 7215472 and 9680?
1936
What is the greatest common divisor of 32201 and 210545?
2477
Calculate the highest common divisor of 22525 and 70671125.
425
Calculate the highest common factor of 463044313 and 3235.
647
Calculate the greatest common divisor of 9204 and 2037919.
767
Calculate the greatest common divisor of 141893956 and 9220.
1844
What is the greatest common factor of 15280977 and 421991?
1751
Calculate the greatest common divisor of 615 and 1360.
5
Calculate the greatest common factor of 4608 and 5433.
3
What is the greatest common divisor of 206549 and 20881?
133
What is the highest common factor of 47265 and 679190?
115
What is the highest common divisor of 1528394256 and 24?
24
What is the greatest common divisor of 1275 and 445264?
17
What is the greatest common divisor of 9454834 and 2?
2
Calculate the greatest common factor of 9748382 and 28.
14
Calculate the highest common divisor of 3876055 and 25865.
3695
Calculate the greatest common factor of 3986475 and 619275.
1725
Calculate the greatest common factor of 15844 and 74793.
233
Calculate the greatest common factor of 36 and 57122424.
36
Calculate the highest common factor of 2068 and 600248.
44
What is the highest common divisor of 58473 and 4443291?
657
Calculate the greatest common divisor of 856 and 37985428.
428
What is the highest common factor of 2964 and 6729840?
156
Calculate the greatest common factor of 633711 and 33501.
39
What is the highest common factor of 471032 and 14744?
776
What is the highest common divisor of 51 and 309895839?
51
Calculate the highest common factor of 620120 and 2920.
40
What is the highest common factor of 177027230 and 20?
10
Calculate the highest common factor of 4987562 and 15606.
578
Calculate the greatest common divisor of 1317916 and 76.
76
Calculate the greatest common divisor of 374092839 and 36.
9
Calculate the highest common divisor of 252784 and 52318.
518
What is the highest common divisor of 20290274 and 6?
2
Calculate the highest common factor of 455260315 and 1945.
1945
Calculate the highest common factor of 132315 and 165.
15
Calculate the highest common factor of 46 and 486908.
2
Calculate the highest common divisor of 21 and 489867.
21
Calculate the highest common factor of 11247 and 656238.
489
What is the greatest common factor of 5523 and 77511?
21
What is the highest common divisor of 1599048 and 5076?
108
Calculate the highest common factor of 722056275 and 4050.
2025
What is the highest common factor of 6882 and 41773962?
222
Calculate the greatest common factor of 3668795 and 3757.
13
Calculate the highest common factor of 1103 and 307.
1
Calculate the highest common divisor of 53295 and 25177.
17
Calculate the highest common divisor of 472 and 9158629.
59
Calculate the greatest common factor of 351 and 33575763.
39
Calculate the greatest common divisor of 1482 and 52684710.
78
Calculate the greatest common factor of 181639563 and 399.
399
Calculate the greatest common divisor of 59266345 and 26335.
1145
What is the greatest common divisor of 1245148 and 2074?
34
Calculate the highest common divisor of 42 and 27190569.
21
Calculate the highest common divisor of 57771 and 11025.
441
Calculate the highest common factor of 207767 and 891569.
469
Calculate the greatest common divisor of 15860 and 258152.
244
Calculate the greatest common divisor of 4 and 306563600.
4
Calculate the highest common divisor of 1320840 and 285600.
120
What is the highest common factor of 46115 and 42179185?
2005
What is the greatest common factor of 2047 and 1712833?
23
What is the highest common factor of 440 and 220485540?
220
What is the greatest common divisor of 136971 and 823365?
1539
Calculate the highest common divisor of 1199826 and 9078.
102
Calculate the greatest common divisor of 55332 and 31140.
36
Calculate the highest common factor of 47720320 and 49565.
2155
Calculate the highest common divisor of 8 and 2961416.
8
What is the greatest common divisor of 1012 and 5378527?
253
What is the greatest common factor of 36 and 10371012?
12
Calculate the greatest common factor of 68805 and 12093.
417
What is the greatest common factor of 1576909 and 212?
53
What is the highest common factor of 267 and 575739487?
89
What is the highest common factor of 3728576 and 257472?
9536
What is the highest common divisor of 41903675 and 4675?
275
Calculate the highest common factor of 3568 and 51851068.
892
Calculate the highest common divisor of 8831 and 2.
1
What is the greatest common divisor of 26277848 and 152?
8
Calculate the highest common factor of 1913452 and 29374.
38
Calculate the greatest common factor of 314751717 and 3.
3
Calculate the highest common divisor of 206 and 40480339.
103
What is the highest common factor of 74104 and 169560?
1256
Calculate the greatest common divisor of 112122164 and 14322.
4774
Calculate the highest common divisor of 58320 and 4851495.
3645
What is the greatest common factor of 432 and 3190941?
27
What is the highest common factor of 279 and 297904761?
279
What is the highest common divisor of 1015 and 33135835?
145
What is the highest common divisor of 19 and 105637036?
19
Calculate the highest common factor of 8922660 and 60.
60
What is the highest common factor of 1004157 and 54?
27
What is the greatest common factor of 1023 and 21227529?
93
What is the highest common factor of 12804 and 5726820?
132
What is the highest common divisor of 41380296 and 42699?
993
What is the greatest common factor of 232967 and 2041717?
1447
What is the greatest common divisor of 52109 and 137923?
107
What is the greatest common factor of 1746 and 1915328826?
1746
Calculate the highest common factor of 93154347 and 207.
207
What is the greatest common divisor of 8791 and 186617?
59
Calculate the highest common factor of 140 and 1987820.
20
What is the greatest common factor of 26663328 and 48?
48
What is the greatest common factor of 1368 and 5612148?
36
What is the greatest common divisor of 7049 and 1145277?
371
Calculate the highest common divisor of 2079 and 18802287.
189
Calculate the highest common divisor of 20696 and 11111165.
2587
What is the greatest common factor of 12678699 and 528?
33
C